 - 59*q - 51. Determine f(18).
-141
Let l(p) = -p**3 + 18*p**2 + 51*p - 120. Calculate l(12).
1356
Let l(i) = 2*i**3 - 46*i**2 + 1. Calculate l(23).
1
Let o(u) = -2*u**3 - 7*u**2 - 31*u + 89. Give o(3).
-121
Let l(f) = -65*f + 857. What is l(11)?
142
Let j(m) = 151*m - 428. Determine j(5).
327
Let s(t) = -t**2 + t - 12. Determine s(-10).
-122
Let o(g) = g**3 - 3*g**2 - 339*g + 1647. Calculate o(5).
2
Let v(b) = -24*b + 89. Calculate v(-3).
161
Let h(s) = 2*s**2 - 66*s + 529. Determine h(20).
9
Let c(b) = 2*b**3 + 24*b**2 - 23*b + 16. Give c(-13).
-23
Let t(i) = -816*i**2 - 1634*i + 2. Determine t(-2).
6
Let c(w) = -2*w**3 - 44*w**2 - 4*w - 51. Give c(-22).
37
Let r(j) = 35*j**2 - 264*j + 330. What is r(6)?
6
Let w(r) = -2*r**2 - 35*r - 133. Calculate w(-5).
-8
Let d(f) = 7*f - 680. Determine d(100).
20
Let s(g) = -6*g**2 + 68*g + 82. Determine s(12).
34
Let g(u) = 62*u + 2230. Determine g(-36).
-2
Let m(i) = i**3 + 11*i**2 - i - 107. Calculate m(-10).
3
Let s(u) = -242*u - 7493. Give s(-31).
9
Let f(b) = 372*b + 1126. What is f(-3)?
10
Let j(c) = -30*c + 357. What is j(12)?
-3
Let h(c) = -2*c**2 - 24*c + 62. Give h(-16).
-66
Let u(w) = w**2 + 45*w + 485. Give u(-32).
69
Let h(z) = 3*z**3 - 5*z**2 - 17*z - 5. Calculate h(5).
160
Let s(m) = -65*m + 460. Give s(7).
5
Let b(p) = p**2 + 89*p - 2316. Calculate b(21).
-6
Let a(n) = -4*n**2 - 348*n + 5. What is a(-87)?
5
Let b(y) = -163*y - 3772. Determine b(-23).
-23
Let w(o) = o**2 - 34*o + 39. Calculate w(34).
39
Let t(c) = 28*c**2 - 814*c + 65. What is t(29)?
7
Let t(s) = -s**3 + 4*s**2 + 22*s - 35. Calculate t(5).
50
Let k(v) = -v**3 - 15*v**2 - 10*v - 94. Determine k(-15).
56
Let a(m) = -m**3 - 25*m**2 + 28*m + 45. Determine a(-26).
-7
Let m(j) = 137*j - 571. What is m(5)?
114
Let i(j) = -j**3 - 13*j**2 + j + 10. What is i(-13)?
-3
Let c(j) = -5*j**2 + 16*j + 196. Calculate c(8).
4
Let x(g) = -g**2 + 51*g - 353. Calculate x(9).
25
Let k(g) = -41*g + 297. What is k(6)?
51
Let r(n) = -4*n**2 + 25*n - 13. What is r(5)?
12
Let u(l) = l**2 + 329*l + 5910. Calculate u(-19).
20
Let j(m) = -m**3 + 7*m**2 - 27*m + 6. What is j(8)?
-274
Let r(l) = -3136*l + 43897. Give r(14).
-7
Let h(l) = -l**3 - l**2 - 31*l + 430. What is h(6)?
-8
Let i(r) = -36*r**2 + 292*r - 48. What is i(8)?
-16
Let i(b) = -259*b + 49. Give i(1).
-210
Let i(f) = -69*f + 1652. What is i(24)?
-4
Let p(l) = -l**3 - 5*l**2 - 7*l + 103. Determine p(-8).
351
Let m(n) = -33*n - 3. Calculate m(-4).
129
Let c(m) = -m**3 + 10*m**2 - 20*m - 6. Calculate c(4).
10
Let q(g) = -11*g - 130. Determine q(-23).
123
Let c(j) = 2*j - 49. Calculate c(-20).
-89
Let r(h) = 27603*h - 13. Calculate r(0).
-13
Let d(z) = 2*z**2 + 99*z + 570. Determine d(-44).
86
Let u(o) = -o**2 - 31*o + 80. Determine u(-35).
-60
Let l(z) = z**3 + 36*z**2 + 319*z - 68. Determine l(-19).
8
Let n(i) = -10*i**2 - 1948*i + 1952. What is n(1)?
-6
Let l(u) = -189*u - 1432. Calculate l(-7).
-109
Let s(k) = -135*k**3 + 9*k**2 + 52*k + 44. What is s(-1)?
136
Let r(v) = -v**3 + 13*v**2 + 15*v + 180. Calculate r(17).
-721
Let o(c) = -177*c**3 + c**2 + 10*c + 9. Calculate o(-1).
177
Let r(f) = f**2 - 34*f - 3950. Determine r(-48).
-14
Let k(h) = 3*h**3 + 4*h**2 + 11*h + 22. What is k(-3)?
-56
Let h(b) = -4*b**3 - 20*b**2 + 5*b - 102. Give h(-6).
12
Let r(p) = 5*p**2 - 38*p + 169. Calculate r(5).
104
Let a(u) = 15*u**2 - 1066*u - 1006. Calculate a(72).
2
Let n(o) = 24*o**2 + 28*o + 1. Give n(-4).
273
Let q(x) = -x**2 + 5*x - 18. Give q(-4).
-54
Let r(w) = -3*w**2 - 16*w + 120. What is r(8)?
-200
Let u(s) = 17*s**2 + 934*s - 64. What is u(-55)?
-9
Let s(v) = v**3 + 2*v**2 - 5. What is s(3)?
40
Let c(v) = 122*v - 14513. Give c(119).
5
Let v(z) = -2*z**2 - 310*z - 11093. Give v(-99).
-5
Let u(x) = x**3 + 33*x**2 + 122*x + 96. Give u(-29).
-78
Let n(v) = -v**3 + 16*v**2 - 32*v + 44. What is n(15)?
-211
Let s(m) = 3*m + 42. Give s(-13).
3
Let l(o) = o**3 + 11*o**2 - 48*o - 532. Determine l(-8).
44
Let o(k) = -k**3 - 16*k**2 - 18*k - 121. Calculate o(-15).
-76
Let d(x) = -x**3 - 56*x**2 - 159*x + 12. What is d(-53)?
12
Let w(l) = -2*l**2 - 4*l + 248. Calculate w(-11).
50
Let g(p) = 14*p**2 + 500*p - 86. What is g(-36)?
58
Let o(l) = 252*l + 20659. What is o(-82)?
-5
Let v(y) = 2*y**2 - 63*y - 1985. What is v(51)?
4
Let p(z) = 281*z - 5334. Determine p(19).
5
Let f(n) = -10*n**2 + 51*n - 2. Determine f(7).
-135
Let q(l) = -l**2 - 5*l + 178. Determine q(-16).
2
Let l(g) = -g**2 - 46*g - 448. Give l(-31).
17
Let x(w) = 5*w**2 - 22*w + 46. What is x(9)?
253
Let n(q) = -q**2 + 9*q - 24. Determine n(4).
-4
Let j(o) = -2*o**3 + 114*o**2 + 5*o - 234. Calculate j(57).
51
Let h(t) = 33*t + 659. Give h(-19).
32
Let h(y) = -y**3 - 10*y**2 + 152*y + 118. Determine h(-18).
-26
Let w(m) = -m**2 - 11*m - 51. Calculate w(9).
-231
Let h(m) = 20*m + 635. Give h(-32).
-5
Let l(c) = 51*c - 526. Determine l(15).
239
Let q(u) = -u**3 - 3*u**2 - 11*u + 25. What is q(3)?
-62
Let h(x) = 43*x + 331. What is h(-14)?
-271
Let w(o) = -85*o**2 - 437*o - 50. Determine w(-5).
10
Let r(c) = -9*c - 160. What is r(-10)?
-70
Let c(j) = j**3 + 26*j**2 + 18*j + 37. Give c(-25).
212
Let t(v) = v**2 + 442*v - 4012. Calculate t(9).
47
Let r(f) = -96*f + 1028. Give r(7).
356
Let i(d) = -7*d - 461. What is i(-74)?
57
Let l(p) = 2*p**3 + 16*p**2 + 46*p - 27. What is l(-5)?
-107
Let d(y) = 8*y**2 + 6*y + 2. Determine d(-3).
56
Let i(v) = v**3 + v**2 + 124*v + 674. Give i(-5).
-46
Let c(j) = -3*j**3 - 34*j**2 - 175*j - 1800. Give c(-11).
4
Let s(o) = -49*o**2 - 72*o + 3. Calculate s(0).
3
Let g(r) = -r**2 + 189*r - 8187. Determine g(122).
-13
Let s(k) = k**3 + 73*k**2 + 276*k + 4. Determine s(-69).
4
Let i(t) = 51*t + 975. Calculate i(-19).
6
Let n(a) = -16*a**2 + 40*a + 99. Give n(6).
-237
Let y(g) = -42*g - 2078. Give y(-53).
148
Let t(n) = 26*n**3 - 4*n**2 - 10*n - 1. Give t(-2).
-205
Let o(u) = -10*u**2 + 348*u - 887. What is o(32)?
9
Let q(c) = -226*c - 1128. Give q(-5).
2
Let r(g) = 216*g - 30442. Give r(141).
14
Let y(r) = 6*r**3 + 25*r**2 - 16*r + 37. Calculate y(-5).
-8
Let s(r) = -2*r**3 + 3*r**2 + 34*r - 63. Give s(2).
1
Let a(k) = -23*k + 1376. What is a(60)?
-4
Let f(h) = -h**2 + 25*h + 18. What is f(11)?
172
Let k(z) = -4*z**2 + 97*z - 560. Give k(15).
-5
Let l(a) = 2208*a + 39748. What is l(-18)?
4
Let q(b) = -b**2 + 152*b - 5766. Calculate q(78).
6
Let q(v) = v**2 - 38*v - 346. Calculate q(46).
22
Let y(d) = -d**3 - 26*d**2 + 126*d - 25. Determine y(4).
-1
Let t(w) = 3739*w + 22451. Calculate t(-6).
17
Let f(d) = d**3 - 29*d**2 + 19*d + 252. What is f(28)?
0
Let f(t) = t**3 + 28*t**2 + 165*t - 39. Give f(-9).
15
Let f(j) = -2*j**3 + 92*j**2 - 80*j - 464. Determine f(45).
-14
Let v(x) = 237*x**3 - 243*x**2 - 2*x + 2. Calculate v(1).
-6
Let b(m) = m**3 + 17*m**2 + 71*m + 12. Calculate b(-10).
2
Let z(a) = 61*a + 1329. Determine z(-22).
-13
Let s(n) = -n**3 - 41*n**2 - 42*n - 260. Determine s(-40).
-180
Let f(x) = -228*x**2 + 922*x - 29. What is f(4)?
11
Let z(f) = -f**3 + 61*f**2 - 121*f + 183. Determine z(59).
6
Let h(l) = 6*l**2 + 131*l + 130. Determine h(-1).
5
Let u(t) = t**3 - 4*t**2 - 33*t + 139. What is u(5)?
-1
Let l(t) = t**3 + 14*t**2 + 31*t - 63. Give l(-9).
63
Let c(t) = 3*t**2 - 25*t - 275. Give c(-11).
363
Let z(x) = x**2 - 196*x + 43. Give z(0).
43
Let v(k) = -6*k**2 + 3*k + 2. Give v(-6).
-232
Let l(o) = o**2 - 22*o - 20. What is l(24)?
28
Let s(b) = b**2 + 24*b - 2. Determine s(-24).
-2
Let v(q) = -58*q - 150. Give v(-3).
24
Let z(k) = 174*k**2 - k - 2. Determine z(-1).
173
Let r(n) = 37282*n - 186403. Determine r(5).
7
Let v(t) = 2*t**2 + 231*t + 2087. What is v(-10)?
-23
Let d(m) = m**2 - 16*m + 28. What is d(3)?
-11
Let o(b) = -7*b**3 - 216*b**2 + 19*b - 370. What is o(-31)?
2
Let k(f) = -f**3 + 63*f**2 - 62*f - 24. What is k(62)?
-24
Let a(p) = -p**2 - 16*p - 33. Calculate a(-12).
15
Let b(f) = 249*f + 2952. Give b(-12).
-36
Let r(w) = -2211*w + 4436. Calculate r(2).
14
Let m(y) = 385*y + 4997. Determine m(-13).
-8
Let u(l) = l**3 + 15*l**2 + 57*l - 15. What is u(-7)?
-22
Let w(f) = 2*f**2 + 703*f - 14070. Calculate w(19).
9
Let u(j) = 7*j**2 - 386*j + 24. What is u(55)?
-31
Let q(z) = 2*z**3 + 82*z**2 + 85*z + 135. What is q(-40)?
-65
Let a(h) = -h**2 - 73*h + 835. Give a(-83).
5
Let t(n) = n**3 + 45*n